mainder when v is divided by 6.
4
Suppose 11*k = 10*k + 63. Suppose 3*j = k + 87. What is the remainder when j is divided by 26?
24
Suppose 4*v - 2*a = -0*a + 142, 2*v - 4*a = 74. What is the remainder when v is divided by 10?
5
Let w be 6*1/2 - -2. Suppose 0 = -b - 2*u + 14, 5*u - 3*u - 86 = -w*b. What is the remainder when b is divided by 5?
3
Suppose -2*j - 82 = -5*d, 3*d - 5*j - 12 = 22. Let k = -47 + 255. What is the remainder when 3/((-4)/(k/(-3))) is divided by d?
16
What is the remainder when (-3 - (-33)/9)*9 is divided by 5?
1
Let w = -179 + 272. Suppose -3*y + 3*f + 123 = 0, 5*y - 4*f - w = 112. Calculate the remainder when y is divided by 21.
20
Let p(b) = b**2 + 4*b**2 - 6 - 6*b**2 - 11 + 17*b. Suppose 0*f + 40 = 5*m - 4*f, 2*m - 19 = f. What is the remainder when p(13) is divided by m?
11
Suppose 2*o - 69 = 47. Suppose -3*m + 4*j = -o, 3*m - 40 = m + 4*j. What is the remainder when 33 is divided by m?
15
Let z(q) = 5*q**3 - 3*q + 2. Calculate the remainder when z(2) is divided by 2*(2 - 1) + 17.
17
Let u be (108/30)/((-9)/(-120)). Let h = -25 + u. Calculate the remainder when 67 is divided by h.
21
Let h = -9 + 71. What is the remainder when h is divided by 13?
10
What is the remainder when 4/(-22) - (-796)/22 is divided by 19?
17
Let d(c) = -8*c - 8. What is the remainder when 47 is divided by d(-4)?
23
Suppose -2*k - 3*k = 955. Let n = -105 - k. Calculate the remainder when n is divided by 29.
28
Let k(p) = 3*p - 39. Let n = -5 + 20. What is the remainder when n is divided by k(16)?
6
Suppose -4*s + 148 = -84. Calculate the remainder when 113 is divided by s.
55
Suppose 3*z - z + 2 = 0. Let s = z + 14. Let u = 34 + -29. What is the remainder when s is divided by u?
3
What is the remainder when ((-1)/(-4) - 1)/((-2)/232) is divided by 13?
9
Let s be -2 - 0 - 2/(-1). Let g(y) = -4*y + 3*y + 2 + s. What is the remainder when 19 is divided by g(-5)?
5
Let w = 24 - 22. Suppose -w*t = -15 - 7. What is the remainder when 31 is divided by t?
9
Let v be 10 - -2*3/2. Suppose v = u + 7*z - 3*z, 3*u - 7 = 4*z. Suppose 2*w - u*w = -27. What is the remainder when w is divided by 4?
1
Let g = -50 - -56. Let l = 169 - 120. Let h = l + -26. What is the remainder when h is divided by g?
5
Calculate the remainder when 54 is divided by 207/18 + (-6)/4 + 1.
10
Suppose 39 + 65 = 4*j. Let b(w) = -2*w - 4. Let q be b(-7). Let o = j - q. What is the remainder when 61 is divided by o?
13
Suppose 2 = -4*q + 3*g - 3, 0 = q + g + 10. What is the remainder when 6 is divided by (q - -4)/(1/(-4))?
2
Let m = 27 + -10. Calculate the remainder when 49 is divided by m.
15
Suppose 13 = -2*p + 7*p - 3*f, 4*f + 4 = 0. What is the remainder when (-4)/(-5)*10/4 is divided by p?
0
Let r(q) = 21*q**2 - 2*q - 1. Let c = -86 + 94. Calculate the remainder when r(-1) is divided by c.
6
Suppose 0 = -5*y + 5 + 15. Suppose -3 - 17 = -y*b. What is the remainder when (6/2)/((-1)/(-3)) is divided by b?
4
Let v = -51 + 94. Suppose -15 = -s + 2*l, l + 2 = -0. What is the remainder when v is divided by s?
10
Let f = -12 + 21. Calculate the remainder when f is divided by 3.
0
Let c be (4 + -2)*(-3)/(-2). Let f(s) = s**2 + 4*s + s**2 - s**3 - c*s - 1. Calculate the remainder when f(-3) is divided by 14.
13
Suppose 3*t = 212 - 17. Suppose 0 = 4*o - 5*o + 17. What is the remainder when t is divided by o?
14
Let l(y) = 4 - 4 + 2 + 6*y - 4*y. What is the remainder when 11 is divided by l(2)?
5
Suppose 94 = 11*w - 49. What is the remainder when 115 is divided by w?
11
Suppose -3*g = -5*c - 24 + 113, 4*c = 5*g + 79. What is the remainder when 29 is divided by c?
13
Let u(o) be the second derivative of -o**3/3 - 5*o**2 - 5*o. Calculate the remainder when 18 is divided by u(-10).
8
Suppose 0 = -4*v + 4*r + 28, 0 = -0*v + 4*v - 5*r - 27. Let g(f) = -7*f - 5. Calculate the remainder when g(-4) is divided by v.
7
Let h(w) = w**2 - 4. Let q be h(-5). Let s = 34 - q. Calculate the remainder when s is divided by 5.
3
Suppose -3 = -y + 17. Calculate the remainder when y is divided by (-2)/((-2)/(-22)*-2).
9
Let i = -176 + 308. What is the remainder when i is divided by 34?
30
Suppose -x = -5*x - 24. Calculate the remainder when 2/x + 134/6 is divided by (2 + 4)*5/((-15)/(-6)).
10
Let f = 2 + 1. Suppose -f*i + 2 = -1. Calculate the remainder when 1 is divided by i.
0
Suppose -2*s + 3*g + 1 = -6, -2*g = s. Suppose -3 = 3*v + 9, -3*b = s*v - 94. Calculate the remainder when b is divided by 9.
7
Let n(g) = 6*g. What is the remainder when n(9) is divided by 20?
14
Let a be (-4)/(-2) + 0 + 7. Let y(d) = d + 13. Calculate the remainder when y(a) is divided by 8.
6
Let o(r) = -r**2 - 11*r + 4. Let j be o(-11). Suppose -p = -2*p - j. What is the remainder when 28 is divided by 334/22 - p/(-22)?
13
Let j be 12/(-20) + (-264)/10. Let d = j + 39. Let n(p) = p**3 + 7*p**2 - 2*p - 7. Calculate the remainder when d is divided by n(-7).
5
Suppose 66 = 3*g + 4*i, 5*g - 99 = -5*i + 2*i. What is the remainder when (-3)/((-3)/17) - 2 is divided by (g/(-15))/(3/(-20))?
7
Calculate the remainder when (-12)/(-18) + 638/6 is divided by 36.
35
Let x = 54 - 26. What is the remainder when 82 is divided by x?
26
Let i(o) = -4*o - 5. Let v(n) = 0 + 1 - 4*n + 0*n + 5*n. Let z(w) = -i(w) - 6*v(w). Calculate the remainder when 18 is divided by z(-4).
4
Suppose 6 = z - 0. Calculate the remainder when z + 1*3/(-3) is divided by 2.
1
Let h(r) = 3*r. Calculate the remainder when 49 + (12 + 0)/(-4) is divided by h(8).
22
Let i = 4 - 1. Suppose -18 = -0*d - i*d. What is the remainder when 17 is divided by d?
5
Let n = -86 - -124. What is the remainder when n is divided by 13?
12
Let h(d) = 21*d - 22. What is the remainder when h(10) is divided by 38?
36
Let q(w) = -w**2 - 25*w + 16. Calculate the remainder when 109 is divided by q(-25).
13
Let f = 6 + -8. Let q = -3 - f. What is the remainder when 12 is divided by 9 - ((q - -2) + 1)?
5
Suppose -x = 4 - 15. Suppose w = 7 - 1. What is the remainder when x is divided by w?
5
Let b = 39 - 18. Let j = b - 12. What is the remainder when 33 is divided by j?
6
Let f be 3*((-2)/(-6))/1. Let g = 4 + f. Suppose -3*b + 2*q = -6 - g, 5*b - 21 = 2*q. Calculate the remainder when 9 is divided by b.
4
Let j be -5 - -3 - (-12)/3. Suppose y = -2*z + 1 + 5, 5*z + 48 = j*y. Calculate the remainder when 40 is divided by y.
12
Suppose -5*o = -132 + 27. Let d be 9/(-27) + (-38)/(-6). Suppose -2*j + d = 0, -j + 52 = -4*k + 293. Calculate the remainder when k is divided by o.
19
Let v = -4 - -6. Suppose 0 = -3*x - v*x + 65. Suppose -2*w = 2*k - 16, 0 = 3*k + 5*w - w - 28. Calculate the remainder when x is divided by k.
1
Suppose 0*s - 4*s - 136 = -2*t, 4*t - 48 = s. Calculate the remainder when 10 is divided by ((-4)/(-3))/(s/(-144)).
4
Suppose 2*d = 4*d - 18. What is the remainder when 41 is divided by d?
5
Let n = -216 - -394. What is the remainder when n is divided by 45?
43
Suppose 3*y = -3*b - y + 77, -4*b + 3*y + 61 = 0. Let r = 107 + -186. Let l = r + 115. What is the remainder when l is divided by b?
17
Let n = -6 + 14. Let v(o) = -o**2 - 11*o - 3. What is the remainder when v(-9) is divided by n?
7
Let t = 3 + 1. Suppose -l + 80 = t*l. Suppose 9*j - 279 = -0*j. Calculate the remainder when j is divided by l.
15
What is the remainder when 534/15 - 2/(-5) is divided by 114/(-4)*(-10)/15?
17
Suppose 3*s = -s - f + 87, 3*s = 2*f + 68. Calculate the remainder when 65 is divided by s.
21
Let k(d) = -d**2 + 12*d - 10. What is the remainder when k(5) is divided by 7?
4
Suppose 2*q - 19 = -3. Let s be (-63)/(-4)*8/3. Suppose -4*o + o = -s. What is the remainder when o is divided by q?
6
Suppose 4*h = d + d + 4, -10 = 5*d + 2*h. Let u = 1 + d. What is the remainder when 4 is divided by 2 - (-1 + 1)/u?
0
What is the remainder when 54 is divided by (-1120)/(-98) - ((-3)/(-7) + 0)?
10
Calculate the remainder when 54 is divided by (12/10)/((-36)/(-600)).
14
Suppose -2*w + 7*w + 4*p - 61 = 0, 3*p = -w + 21. Calculate the remainder when w is divided by ((-2)/3)/((-18)/135).
4
Let x = -40 + 73. What is the remainder when x is divided by (14/(-4))/((-1)/2)?
5
Let o(m) = 7*m - 12. Let n(y) = 11*y - 18. Let b(s) = -5*n(s) + 8*o(s). Calculate the remainder when 6 is divided by b(10).
2
Let s(n) = -n**3 + 3*n**2 + 2. Le